hat is -10101220 (base 3) in base 15?
-b06
4420 (base 5) to base 9
747
Convert 1110 (base 4) to base 15.
59
Convert -6aa7 (base 16) to base 13.
-c573
Convert -7a0 (base 16) to base 12.
-1168
Convert 1310310 (base 4) to base 12.
43b0
-509 (base 13) to base 2
-1101010110
1424c (base 13) to base 11
263aa
-20153 (base 8) to base 11
-6265
Convert -102220 (base 3) to base 12.
-229
What is -8167 (base 10) in base 16?
-1fe7
Convert -22344 (base 5) to base 16.
-63f
What is -c76b (base 13) in base 2?
-110101111110100
What is 1000 (base 10) in base 4?
33220
72b (base 12) to base 14
547
Convert 120120 (base 3) to base 2.
110100100
Convert -a0c (base 15) to base 7.
-6411
What is 200220 (base 3) in base 7?
1326
What is -4252 (base 6) in base 16?
-3c8
-12021 (base 8) to base 4
-1100101
-41 (base 14) to base 12
-49
Convert 1665 (base 8) to base 10.
949
-c04b (base 15) to base 7
-226166
Convert 360 (base 10) to base 16.
168
9a (base 16) to base 15
a4
-6429 (base 11) to base 12
-4b05
What is -21345 (base 6) in base 11?
-2238
What is 482 (base 15) in base 7?
2660
What is 4687 (base 13) in base 8?
23271
What is 37a (base 11) in base 7?
1212
What is -10946 (base 12) in base 4?
-11121012
Convert 303414 (base 6) to base 14.
8b18
What is -471 (base 9) in base 4?
-12010
Convert -1202120121 (base 3) to base 8.
-103574
Convert 30040 (base 9) to base 13.
8c8b
-100001111010101 (base 2) to base 5
-1023430
What is -4305 (base 6) in base 11?
-809
Convert 2013232 (base 4) to base 5.
234221
Convert ce6 (base 16) to base 4.
303212
102322 (base 4) to base 2
10010111010
What is -13668 (base 9) in base 15?
-2b4b
Convert 13626 (base 11) to base 16.
4bbc
What is -5456 (base 8) in base 9?
-3830
What is 100123033 (base 4) in base 13?
24814
Convert -4691 (base 15) to base 4.
-3222022
Convert -24573 (base 13) to base 12.
-32829
Convert 22342 (base 6) to base 4.
301112
-2c2a (base 15) to base 5
-300430
Convert 1e06 (base 15) to base 8.
14603
What is -5153 (base 7) in base 13?
-a88
What is -3055 (base 9) in base 15?
-9e2
Convert 22011 (base 5) to base 10.
1506
What is 3436 (base 7) in base 3?
1201101
What is 17712 (base 9) in base 10?
12242
121001100 (base 3) to base 10
11700
What is -110001000 (base 2) in base 16?
-188
What is -10011100110011 (base 2) in base 16?
-2733
What is -100101001 (base 2) in base 10?
-297
-791 (base 13) to base 3
-1210012
Convert -3009 (base 16) to base 10.
-12297
Convert 10b22 (base 12) to base 5.
1203341
32353 (base 6) to base 12
26b9
-40 (base 16) to base 4
-1000
What is -6b90 (base 14) in base 10?
-18746
What is -10420 (base 5) in base 7?
-2100
What is d7e (base 16) in base 15?
1054
Convert 21a (base 16) to base 12.
38a
What is -79c5 (base 16) in base 8?
-74705
What is 3450 (base 6) in base 9?
1113
-951 (base 13) to base 12
-b03
What is 100200 (base 3) in base 6?
1113
-15206 (base 11) to base 15
-65b4
-2733 (base 9) to base 5
-31210
What is 11528 (base 9) in base 12?
4575
-111000111011 (base 2) to base 13
-1873
-c5 (base 14) to base 10
-173
-27a0 (base 13) to base 11
-4319
-2254 (base 8) to base 15
-54b
What is -32203 (base 4) in base 3?
-1021111
c52 (base 16) to base 7
12124
Convert -67720 (base 9) to base 8.
-127776
Convert 2022 (base 4) to base 11.
116
Convert -17333 (base 14) to base 2.
-1110001110010001
-47a (base 14) to base 10
-892
What is -6deb (base 16) in base 14?
-a37d
What is 30683 (base 10) in base 15?
9158
4453 (base 7) to base 11
1230
What is -408b (base 12) in base 10?
-7019
Convert -267 (base 9) to base 7.
-436
-104020 (base 5) to base 13
-1868
What is 12225 (base 9) in base 11?
6189
What is -114 (base 8) in base 4?
-1030
-310422 (base 5) to base 15
-2ee2
What is -1021213 (base 4) in base 5?
-122321
What is -1101110000101001 (base 2) in base 9?
-85273
Convert -1122011 (base 3) to base 13.
-709
What is 281 (base 14) in base 5?
4010
Convert -1c2 (base 16) to base 7.
-1212
Convert 332 (base 12) to base 11.
398
Convert -20222 (base 3) to base 13.
-116
What is -8493 (base 10) in base 4?
-2010231
What is -15261 (base 7) in base 16?
-10a1
Convert -52422 (base 8) to base 14.
-7d18
Convert 846 (base 9) to base 6.
3110
-780 (base 11) to base 7
-2504
What is 3178 (base 10) in base 4?
301222
What is 3203222 (base 4) in base 14?
544a
20321 (base 9) to base 5
412014
What is -31620 (base 8) in base 3?
-200002220
Convert 55155 (base 8) to base 9.
34671
Convert 210111 (base 3) to base 13.
358
-24732 (base 8) to base 7
-43144
Convert -13773 (base 8) to base 10.
-6139
What is 231011 (base 4) in base 5?
43020
What is 17301 (base 8) in base 14?
2c25
What is 3454 (base 13) in base 5?
213321
-390 (base 11) to base 5
-3322
Convert 45380 (base 9) to base 16.
75fc
Convert -464 (base 9) to base 2.
-101111110
What is -1b12 (base 12) in base 9?
-4505
Convert -7067 (base 9) to base 12.
-2ba4
170 (base 8) to base 5
440
Convert 10110010 (base 2) to base 11.
152
Convert -296 (base 15) to base 12.
-413
What is -11522 (base 6) in base 11?
-1311
What is 1544 (base 10) in base 3?
2010012
-354302 (base 6) to base 5
-1441112
-980 (base 10) to base 12
-698
What is -100110121 (base 3) in base 7?
-26056
What is 51642 (base 7) in base 16?
3180
What is -128 (base 11) in base 2?
-10010111
-1110111010 (base 2) to base 12
-676
Convert -24020 (base 7) to base 12.
-36b8
What is 12102 (base 4) in base 16?
192
What is 24c4 (base 15) in base 13?
3748
12a6 (base 12) to base 11
1678
What is 141220 (base 6) in base 10?
13260
What is 130421 (base 8) in base 15?
d66e
21358 (base 10) to base 15
64dd
Convert 1635 (base 7) to base 10.
663
-132233 (base 4) to base 6
-13035
What is -13503 (base 8) in base 2?
-1011101000011
What is -5a1 (base 16) in base 7?
-4126
-4aa (base 13) to base 14
-424
Convert -7426 (base 8) to base 16.
-f16
What is 5b3 (base 12) in base 7?
2331
-547 (base 16) to base 7
-3640
-5ec1 (base 16) to base 3
-1020021102
What is -491 (base 14) in base 3?
-1020202
What is 111101111 (base 2) in base 15?
230
11001111 (base 2) to base 15
dc
Convert -1100110011 (base 2) to base 9.
-1110
Convert 601 (base 7) to base 14.
171
477b (base 16) to base 6
220415
What is -2366 (base 7) in base 15?
-3db
-504 (base 11) to base 14
-317
-305 (base 9) to base 10
-248
Convert 1025 (base 6) to base 10.
233
Convert 45 (base 13) to base 5.
212
Convert 4aa (base 11) to base 5.
4404
What is 20a5 (base 13) in base 7?
16130
145 (base 7) to base 6
214
57c (base 13) to base 12
670
Convert 10010010111 (base 2) to base 7.
3266
-137 (base 10) to base 7
-254
Convert 4836 (base 13) to base 8.
23711
Convert 200022 (base 3) to base 6.
2142
Convert -101120 (base 7) to base 5.
-1022323
41021 (base 7) to base 14
38b8
521 (base 7) to base 3
100122
391 (base 14) to base 6
3151
Convert -2546 (base 8) to base 12.
-972
2302 (base 5) to base 11
278
Convert -567 (base 8) to base 12.
-273
-120 (base 15) to base 8
-377
Convert -887 (base 12) to base 15.
-58a
-111011011111 (base 2) to base 14
-155d
Convert 859 (base 15) to base 6.
12420
Convert -101110010 (base 2) to base 5.
-2440
Convert -cb2 (base 13) to base 16.
-87d
Convert 121 (base 15) to base 11.
213
-1000101 (base 2) to base 13
-54
1482 (base 12) to base 16
962
What is 30154 (base 7) in base 10?
7291
Convert 1111001011101 (base 2) to base 11.
5927
Convert -3826 (base 16) to base 7.
-56623
31111 (base 4) to base 5
11403
Convert -1101110100110 (base 2) to base 10.
-7078
3a (base 15) to base 4
313
What is 24a21 (base 13) in base 6?
1241031
Convert -1001220 (base 3) to base 7.
-2163
-2a (base 15) to base 16
-28
What is 11011100110 (base 2) in base 11?
1366
-4642 (base 7) to base 15
-781
-26b (base 14) to base 7
-1264
Convert 900 (base 10) to base 2.
1110000100
140374 (base 8) to base 13
19644
a27 (base 12) to base 15
681
-244 (base 13) to base 8
-612
What is -115516 (base 8) in base 6?
-504022
What is -1a1 (base 13) in base 12?
-210
What is 5015 (base 9) in base 5?
104114
What is -2a38 (base 12) in base 2?
-1001101001100
Convert -5208 (base 16) to base 5.
-1133000
1021341 (base 6) to base 5
3041342
-31426 (base 7) to base 5
-222022
Convert -2525 (base 8) to base 7.
-3660
What is 1000101 (base 3) in base 4?
23203
Convert 1741 (base 10) to base 12.
1011
Convert 1515 (base 12) to base 13.
1178
What is 12331 (base 4) in base 8?
675
-467 (base 15) to base 6
-4341
Convert -1021 (bas